lse
Does 14 divide 797874?
True
Is 3335 a multiple of 23?
True
Is 260787 a multiple of 442?
False
Is 431 a factor of 1890797?
True
Is 2202348 a multiple of 9?
False
Is 404684 a multiple of 298?
True
Does 16 divide 325280?
True
Is 260871 a multiple of 8?
False
Is 22 a factor of 118184?
True
Does 57 divide 34789?
False
Is 73900 a multiple of 20?
True
Is 7 a factor of 4872945?
True
Is 893752 a multiple of 76?
False
Does 9 divide 39448?
False
Is 13 a factor of 2501369?
True
Is 13 a factor of 9308?
True
Does 76 divide 11780?
True
Is 98 a factor of 23948750?
True
Is 1416792 a multiple of 114?
True
Is 52 a factor of 1272937?
False
Is 158648 a multiple of 8?
True
Does 83 divide 863034?
True
Does 1465 divide 4040470?
True
Is 815753 a multiple of 113?
False
Does 5 divide 19915?
True
Is 12780 a multiple of 36?
True
Does 18 divide 85014?
True
Is 270 a factor of 1186568?
False
Is 226 a factor of 2999912?
False
Is 72 a factor of 412632?
True
Is 18438434 a multiple of 1721?
False
Is 643568 a multiple of 328?
False
Is 4968564 a multiple of 86?
True
Does 107 divide 207794?
True
Is 125 a factor of 587500?
True
Is 504 a factor of 8045552?
False
Is 383876 a multiple of 76?
True
Is 1092740 a multiple of 97?
False
Does 20 divide 24740?
True
Does 3 divide 4330698?
True
Does 12 divide 153336?
True
Is 313 a factor of 311748?
True
Does 3 divide 2960?
False
Does 1891 divide 9680029?
True
Does 44 divide 4117740?
True
Does 174 divide 13677589?
False
Does 22 divide 31742?
False
Is 1568028 even?
True
Is 2025400 a multiple of 779?
True
Is 24 a factor of 258864?
True
Is 15 a factor of 1253092?
False
Is 594355 a multiple of 25?
False
Is 918640 a multiple of 569?
False
Is 19 a factor of 3077236?
False
Is 33 a factor of 5292482?
False
Is 7029298 a multiple of 204?
False
Is 7978570 a multiple of 590?
True
Is 30 a factor of 4753726?
False
Is 71944 a multiple of 76?
False
Is 32 a factor of 121404?
False
Is 14913001 a multiple of 156?
False
Is 14 a factor of 14868?
True
Does 159 divide 16069424?
False
Is 162358 a multiple of 623?
False
Does 10 divide 12243516?
False
Is 7 a factor of 1228?
False
Does 13 divide 291525?
True
Does 17 divide 1157445?
True
Does 79 divide 2546134?
False
Is 2180485 a multiple of 172?
False
Does 272 divide 133824?
True
Does 893 divide 1783321?
True
Is 456925 a multiple of 245?
True
Is 24125802 a multiple of 197?
True
Does 16 divide 2631984?
True
Is 75339 a multiple of 30?
False
Is 453 a factor of 610191?
True
Is 32233 a multiple of 24?
False
Is 904 a factor of 10490920?
True
Does 1424 divide 944716?
False
Is 4123646 a multiple of 457?
False
Is 612411 a multiple of 91?
False
Is 588662 a multiple of 191?
True
Does 99 divide 23719287?
False
Is 133 a factor of 4609994?
False
Is 373118 even?
True
Is 117200 a multiple of 293?
True
Is 4304751 a multiple of 312?
False
Is 24 a factor of 1095025?
False
Does 93 divide 782223?
True
Is 31 a factor of 149887?
False
Does 570 divide 3778530?
True
Is 64 a factor of 227115?
False
Is 95 a factor of 22561?
False
Is 298 a factor of 82960?
False
Is 82 a factor of 50429?
False
Is 4107780 a multiple of 180?
True
Is 2494441 a multiple of 10?
False
Is 4 a factor of 112954?
False
Is 6 a factor of 101941?
False
Does 274 divide 353750?
False
Does 3 divide 307495?
False
Is 641752 a multiple of 8?
True
Is 424 a factor of 3553120?
True
Is 1541462 a multiple of 587?
True
Is 36 a factor of 14039135?
False
Does 166 divide 95782?
True
Does 21 divide 136198?
False
Does 11 divide 1532567?
False
Is 19 a factor of 4178?
False
Is 330984 a multiple of 36?
True
Does 428 divide 1169296?
True
Is 8109078 a multiple of 10?
False
Is 451 a factor of 15290253?
True
Is 227 a factor of 1181308?
True
Is 8 a factor of 1436826?
False
Does 1389 divide 4708065?
False
Is 33 a factor of 2007952?
False
Is 5014320 a multiple of 17?
True
Is 11 a factor of 1995587?
True
Is 15 a factor of 501407?
False
Is 5385699 a multiple of 948?
False
Is 229 a factor of 4546108?
True
Does 62 divide 1027896?
False
Is 20582 a multiple of 4?
False
Does 7 divide 2377518?
False
Is 31 a factor of 116002?
True
Is 12 a factor of 200586?
False
Is 27 a factor of 18300951?
True
Does 13 divide 152009?
True
Is 60 a factor of 35040?
True
Is 384150 a multiple of 25?
True
Is 2878512 a multiple of 26?
True
Does 54 divide 34480?
False
Is 30093 a multiple of 64?
False
Does 3 divide 9735?
True
Does 68 divide 323000?
True
Is 105 a factor of 135030?
True
Is 33 a factor of 122076?
False
Does 27 divide 78273?
True
Is 58 a factor of 25984?
True
Is 2272248 a multiple of 151?
True
Is 198660 a multiple of 330?
True
Does 4 divide 783985?
False
Is 40273 a multiple of 23?
True
Does 152 divide 891486?
False
Is 217440 a multiple of 453?
True
Is 117 a factor of 4582305?
True
Is 15 a factor of 172460?
False
Is 266 a factor of 49210?
True
Does 902 divide 259776?
True
Does 52 divide 2278923?
False
Is 334324 a multiple of 6?
False
Is 5434426 a multiple of 58?
True
Is 266 a factor of 3836518?
True
Does 118 divide 157766?
True
Is 44 a factor of 4876652?
True
Is 140 a factor of 1339285?
False
Is 8 a factor of 115555?
False
Is 36058 a multiple of 121?
True
Is 3 a factor of 778647?
True
Is 609726 a multiple of 26?
True
Is 3892319 a multiple of 24?
False
Does 1378 divide 257686?
True
Is 38 a factor of 60116?
True
Is 1013144 a multiple of 180?
False
Is 22 a factor of 2980142?
True
Does 66 divide 6468?
True
Does 129 divide 57022?
False
Is 6 a factor of 1066734?
True
Does 728 divide 214032?
True
Is 604936 a multiple of 38?
False
Is 182 a factor of 366901?
False
Does 9 divide 261315?
True
Is 198164 a multiple of 214?
True
Does 43 divide 606171?
True
Is 212 a factor of 47488?
True
Does 18 divide 7088902?
False
Does 9 divide 67725?
True
Is 229856 a multiple of 88?
True
Does 61 divide 92073?
False
Is 46703 a multiple of 150?
False
Is 7 a factor of 14174860?
True
Does 104 divide 2265743?
False
Is 11355383 a multiple of 2362?
False
Is 35 a factor of 19255845?
True
Does 954 divide 10081872?
True
Is 4 a factor of 1995848?
True
Is 12 a factor of 20664?
True
Is 218757 a multiple of 3?
True
Is 616221 a multiple of 15?
False
Is 199607 a multiple of 91?
False
Does 149 divide 261495?
True
Is 48 a factor of 388368?
True
Is 73 a factor of 12657650?
False
Does 11 divide 170313?
True
Is 48 a factor of 402960?
True
Is 286857 a multiple of 28?
False
Is 375 a factor of 81375?
True
Does 23 divide 95788?
False
Does 6 divide 401053?
False
Is 47 a factor of 80887?
True
Does 16 divide 9975840?
True
Does 64 divide 6260349?
False
Does 12 divide 3096168?
True
Does 41 divide 2376237?
True
Does 223 divide 238926?
False
Is 6 a factor of 70998?
True
Is 203496 a multiple of 24?
True
Is 4728 a multiple of 12?
True
Is 1104216 a multiple of 139?
True
Is 253 a factor of 24451230?
False
Is 68276 a multiple of 26?
True
Does 32 divide 18372000?
True
Is 846020 a multiple of 7?
True
Is 135 a factor of 64125?
True
Does 204 divide 105264?
True
Does 11 divide 258271?
False
Does 212 divide 6137?
False
Is 13648177 a multiple of 468?
False
Is 19 a factor of 63351?
False
Is 602140 a multiple of 70?
True
Does 19 divide 69939?
True
Is 77 a factor of 111034?
True
Is 199 a factor of 62088?
True
Is 135668 a multiple of 28?
False
Is 557930 a multiple of 845?
False
Is 5013372 a multiple of 4?
True
Is 80 a factor of 396480?
True
Does 23 divide 80385?
True
Is 35 a factor of 71645?
True
Does 1132 divide 1864440?
False
Does 41 divide 426153?
False
Is 270 a factor of 125707?
False
Is 1125579 a multiple of 7?
True
Is 87978 a multiple of 62?
True
Is 37 a factor of 78070?
True
Does 92 divide 178112?
True
Is 98 a factor of 9506467?
False
Does 3 divide 183511?
False
Is 1395283 a multiple of 885?
False
Is 164 a factor of 1816628?
True
Is 1526953 a multiple of 375?
False
Does 10 divide 526010?
True
Is 373 a factor of 6368602?
True
Does 13 divide 73871?
False
Is 448200 a multiple of 5?
True
Is 182880 a multiple of 60?
True
Is 4955868 a multiple of 188?
True
Is 163255 a multiple of 120?
False
Is 215 a factor of 69853?
False
Is 293 a factor of 798718?
True
Is 69 a factor of 1215642?
True
Is 1332684 a multiple of 12?
True
Is 111 a factor of 95416?
False
Does 25 divide 204599?
False
Does 16 divide 4912176?
True
Is 125899 a multiple of 39?
False
Does 77 divide 704781?
True
Is 1140880 a multiple of 4